{"id":60,"date":"2023-07-03T15:47:55","date_gmt":"2023-07-03T13:47:55","guid":{"rendered":"https:\/\/transbaz.fr\/?page_id=60"},"modified":"2023-09-04T14:55:28","modified_gmt":"2023-09-04T12:55:28","slug":"contact","status":"publish","type":"page","link":"https:\/\/transbaz.fr\/index.php\/contact\/","title":{"rendered":"CONTACT"},"content":{"rendered":"<div data-colibri-id=\"60-c1\" class=\"style-364 style-local-60-c1 position-relative\">\n  <!---->\n  <div data-colibri-component=\"section\" data-colibri-id=\"60-c2\" id=\"custom\" class=\"h-section h-section-global-spacing d-flex align-items-lg-center align-items-md-center align-items-center style-365 style-local-60-c2 position-relative\">\n    <!---->\n    <!---->\n    <div class=\"h-section-grid-container h-section-boxed-container\">\n      <!---->\n      <div data-colibri-id=\"60-c3\" class=\"h-row-container gutters-row-lg-2 gutters-row-md-2 gutters-row-0 gutters-row-v-lg-2 gutters-row-v-md-2 gutters-row-v-2 style-369 style-local-60-c3 position-relative\">\n        <!---->\n        <div class=\"h-row justify-content-lg-center justify-content-md-center justify-content-center align-items-lg-stretch align-items-md-stretch align-items-stretch gutters-col-lg-2 gutters-col-md-2 gutters-col-0 gutters-col-v-lg-2 gutters-col-v-md-2 gutters-col-v-2\">\n          <!---->\n          <div class=\"h-column h-column-container d-flex h-col-lg-auto h-col-md-auto h-col-auto style-370-outer style-local-60-c4-outer\">\n            <div data-colibri-id=\"60-c4\" class=\"d-flex h-flex-basis h-column__inner h-px-lg-2 h-px-md-2 h-px-2 v-inner-lg-2 v-inner-md-2 v-inner-2 style-370 style-local-60-c4 position-relative\">\n              <!---->\n              <!---->\n              <div class=\"w-100 h-y-container h-column__content h-column__v-align flex-basis-100 align-self-lg-start align-self-md-start align-self-start\">\n                <!---->\n                <div data-colibri-id=\"60-c5\" class=\"h-global-transition-all h-heading style-372 style-local-60-c5 position-relative h-element\">\n                  <!---->\n                  <div class=\"h-heading__outer style-372 style-local-60-c5\">\n                    <!---->\n                    <!---->\n                    <h1 class=\"\"><span style=\"font-weight: 500; font-family: Montserrat;\">FORMULAIRE DE CONTACT<\/span><\/h1>\n                  <\/div>\n                <\/div>\n              <\/div>\n            <\/div>\n          <\/div>\n        <\/div>\n      <\/div>\n      <div data-colibri-id=\"60-c6\" class=\"h-row-container gutters-row-lg-1 gutters-row-md-1 gutters-row-0 gutters-row-v-lg-1 gutters-row-v-md-1 gutters-row-v-1 style-366 style-local-60-c6 position-relative\">\n        <!---->\n        <div class=\"h-row justify-content-lg-center justify-content-md-center justify-content-center align-items-lg-stretch align-items-md-stretch align-items-stretch gutters-col-lg-1 gutters-col-md-1 gutters-col-0 gutters-col-v-lg-1 gutters-col-v-md-1 gutters-col-v-1\">\n          <!---->\n          <div class=\"h-column h-column-container d-flex h-col-lg-auto h-col-md-auto h-col-auto style-367-outer style-local-60-c7-outer\">\n            <div data-colibri-id=\"60-c7\" class=\"d-flex h-flex-basis h-column__inner h-px-lg-1 h-px-md-1 h-px-1 v-inner-lg-1 v-inner-md-1 v-inner-1 style-367 style-local-60-c7 position-relative\">\n              <!---->\n              <!---->\n              <div class=\"w-100 h-y-container h-column__content h-column__v-align flex-basis-100 align-self-lg-start align-self-md-start align-self-start\">\n                <!---->\n                <div data-colibri-id=\"60-c8\" class=\"style-368 style-local-60-c8 position-relative h-element\">\n                  <!---->\n                  <div class=\"\"><div class=\"forminator-ui forminator-custom-form forminator-custom-form-96 forminator-design--flat  forminator_ajax\" data-forminator-render=\"0\" data-form=\"forminator-module-96\" data-uid=\"69d52c206c20b\"><br\/><\/div><form\n\t\t\t\tid=\"forminator-module-96\"\n\t\t\t\tclass=\"forminator-ui forminator-custom-form forminator-custom-form-96 forminator-design--flat  forminator_ajax\"\n\t\t\t\tmethod=\"post\"\n\t\t\t\tdata-forminator-render=\"0\"\n\t\t\t\tdata-form-id=\"96\"\n\t\t\t\t\n\t\t\t\tdata-design=\"flat\"\n\t\t\t\t\n\t\t\t\t\n\t\t\t\t\n\t\t\t\tdata-grid=\"open\"\n\t\t\t\t\n\t\t\t\t\n\t\t\t\tstyle=\"display: none;\"\n\t\t\t\t\n\t\t\t\tdata-uid=\"69d52c206c20b\"\n\t\t\t><div role=\"alert\" aria-live=\"polite\" class=\"forminator-response-message forminator-error\" aria-hidden=\"true\"><\/div><div class=\"forminator-row\"><div id=\"name-2\" class=\"forminator-field-name forminator-col forminator-col-6 \"><div class=\"forminator-field\"><label for=\"forminator-field-name-2_69d52c206c20b\" id=\"forminator-field-name-2_69d52c206c20b-label\" class=\"forminator-label\">Nom <span class=\"forminator-required\">*<\/span><\/label><input type=\"text\" name=\"name-2\" value=\"\" placeholder=\"\" id=\"forminator-field-name-2_69d52c206c20b\" class=\"forminator-input forminator-name--field\" aria-required=\"true\" \/><\/div><\/div><div id=\"name-1\" class=\"forminator-field-name forminator-col forminator-col-6 \"><div class=\"forminator-field\"><label for=\"forminator-field-name-1_69d52c206c20b\" id=\"forminator-field-name-1_69d52c206c20b-label\" class=\"forminator-label\">Pr\u00e9nom <span class=\"forminator-required\">*<\/span><\/label><input type=\"text\" name=\"name-1\" value=\"\" placeholder=\"\" id=\"forminator-field-name-1_69d52c206c20b\" class=\"forminator-input forminator-name--field\" aria-required=\"true\" \/><\/div><\/div><\/div><div class=\"forminator-row\"><div id=\"email-1\" class=\"forminator-field-email forminator-col forminator-col-12 \"><div class=\"forminator-field\"><label for=\"forminator-field-email-1_69d52c206c20b\" id=\"forminator-field-email-1_69d52c206c20b-label\" class=\"forminator-label\">Adresse de messagerie <span class=\"forminator-required\">*<\/span><\/label><input type=\"email\" name=\"email-1\" value=\"\" placeholder=\"\" id=\"forminator-field-email-1_69d52c206c20b\" class=\"forminator-input forminator-email--field\" data-required=\"true\" aria-required=\"true\" \/><\/div><\/div><\/div><div class=\"forminator-row\"><div id=\"phone-1\" class=\"forminator-field-phone forminator-col forminator-col-12 \"><div class=\"forminator-field\"><label for=\"forminator-field-phone-1_69d52c206c20b\" id=\"forminator-field-phone-1_69d52c206c20b-label\" class=\"forminator-label\">Num\u00e9ro de t\u00e9l\u00e9phone <span class=\"forminator-required\">*<\/span><\/label><input type=\"text\" name=\"phone-1\" value=\"\" placeholder=\"\" id=\"forminator-field-phone-1_69d52c206c20b\" class=\"forminator-input forminator-field--phone\" data-required=\"1\" aria-required=\"true\" autocomplete=\"off\" \/><\/div><\/div><\/div><div class=\"forminator-row\"><div id=\"select-1\" class=\"forminator-field-select forminator-col forminator-col-12 \"><div class=\"forminator-field\"><label for=\"forminator-form-96__field--select-1_69d52c206c20b\" id=\"forminator-form-96__field--select-1_69d52c206c20b-label\" class=\"forminator-label\">Liste s\u00e9lective <span class=\"forminator-required\">*<\/span><\/label><select  id=\"forminator-form-96__field--select-1_69d52c206c20b\" class=\"forminator-select--field forminator-select2 forminator-select2-multiple\" data-required=\"1\" name=\"select-1\" data-default-value=\"\" data-hidden-behavior=\"zero\" data-placeholder=\"Votre demande concerne\" data-search=\"false\" data-search-placeholder=\"Votre demande concerne\" data-checkbox=\"false\" data-allow-clear=\"false\" aria-labelledby=\"forminator-form-96__field--select-1_69d52c206c20b-label\"><option value=\"\"  >Votre demande concerne<\/option><option value=\"one\"  data-calculation=\"0\">Transport p\u00e9trolier<\/option><option value=\"two\"  data-calculation=\"0\">Assainissement \/ Hygi\u00e8ne immobili\u00e8re<\/option><option value=\"Commissionnaire-de-transport\"  data-calculation=\"0\">Commissionnaire de transport<\/option><\/select><\/div><\/div><\/div><div class=\"forminator-row\"><div id=\"textarea-1\" class=\"forminator-field-textarea forminator-col forminator-col-12 \"><div class=\"forminator-field\"><label for=\"forminator-field-textarea-1_69d52c206c20b\" id=\"forminator-field-textarea-1_69d52c206c20b-label\" class=\"forminator-label\">Message <span class=\"forminator-required\">*<\/span><\/label><textarea name=\"textarea-1\" placeholder=\"Saisissez votre message\u2026\" id=\"forminator-field-textarea-1_69d52c206c20b\" class=\"forminator-textarea\" rows=\"6\" style=\"min-height:140px;\" maxlength=\"180\" ><\/textarea><span id=\"forminator-field-textarea-1_69d52c206c20b-description\" class=\"forminator-description\"><span data-limit=\"180\" data-type=\"characters\" data-editor=\"\">0 \/ 180<\/span><\/span><\/div><\/div><\/div><input type=\"hidden\" name=\"referer_url\" value=\"\" \/><div class=\"forminator-row forminator-row-last\"><div class=\"forminator-col\"><div class=\"forminator-field\"><button class=\"forminator-button forminator-button-submit\">Envoyer le message<\/button><\/div><\/div><\/div><input type=\"hidden\" id=\"forminator_nonce\" name=\"forminator_nonce\" value=\"6bcb594673\" \/><input type=\"hidden\" name=\"_wp_http_referer\" value=\"\/index.php\/wp-json\/wp\/v2\/pages\/60\" \/><input type=\"hidden\" name=\"form_id\" value=\"96\"><input type=\"hidden\" name=\"page_id\" value=\"60\"><input type=\"hidden\" name=\"form_type\" value=\"default\"><input type=\"hidden\" name=\"current_url\" value=\"https:\/\/transbaz.fr\/index.php\/contact\/\"><input type=\"hidden\" name=\"render_id\" value=\"0\"><input type=\"hidden\" name=\"action\" value=\"forminator_submit_form_custom-forms\"><\/form><\/div>\n                <\/div>\n              <\/div>\n            <\/div>\n          <\/div>\n        <\/div>\n      <\/div>\n    <\/div>\n  <\/div>\n<\/div>","protected":false},"excerpt":{"rendered":"<p>FORMULAIRE DE CONTACT<\/p>\n","protected":false},"author":1,"featured_media":0,"parent":0,"menu_order":0,"comment_status":"closed","ping_status":"closed","template":"page-templates\/full-width-page.php","meta":{"footnotes":""},"class_list":["post-60","page","type-page","status-publish","hentry"],"yoast_head":"<!-- This site is optimized with the Yoast SEO plugin v24.1 - https:\/\/yoast.com\/wordpress\/plugins\/seo\/ -->\n<title>CONTACT - Transbaz<\/title>\n<meta name=\"robots\" content=\"index, follow, max-snippet:-1, max-image-preview:large, max-video-preview:-1\" \/>\n<link rel=\"canonical\" href=\"https:\/\/transbaz.fr\/index.php\/contact\/\" \/>\n<meta property=\"og:locale\" content=\"fr_FR\" \/>\n<meta property=\"og:type\" content=\"article\" \/>\n<meta property=\"og:title\" content=\"CONTACT - Transbaz\" \/>\n<meta property=\"og:description\" content=\"FORMULAIRE DE CONTACT\" \/>\n<meta property=\"og:url\" content=\"https:\/\/transbaz.fr\/index.php\/contact\/\" \/>\n<meta property=\"og:site_name\" content=\"Transbaz\" \/>\n<meta property=\"article:modified_time\" content=\"2023-09-04T12:55:28+00:00\" \/>\n<meta name=\"twitter:card\" content=\"summary_large_image\" \/>\n<script type=\"application\/ld+json\" class=\"yoast-schema-graph\">{\"@context\":\"https:\/\/schema.org\",\"@graph\":[{\"@type\":\"WebPage\",\"@id\":\"https:\/\/transbaz.fr\/index.php\/contact\/\",\"url\":\"https:\/\/transbaz.fr\/index.php\/contact\/\",\"name\":\"CONTACT - Transbaz\",\"isPartOf\":{\"@id\":\"https:\/\/transbaz.fr\/#website\"},\"datePublished\":\"2023-07-03T13:47:55+00:00\",\"dateModified\":\"2023-09-04T12:55:28+00:00\",\"breadcrumb\":{\"@id\":\"https:\/\/transbaz.fr\/index.php\/contact\/#breadcrumb\"},\"inLanguage\":\"fr-FR\",\"potentialAction\":[{\"@type\":\"ReadAction\",\"target\":[\"https:\/\/transbaz.fr\/index.php\/contact\/\"]}]},{\"@type\":\"BreadcrumbList\",\"@id\":\"https:\/\/transbaz.fr\/index.php\/contact\/#breadcrumb\",\"itemListElement\":[{\"@type\":\"ListItem\",\"position\":1,\"name\":\"Accueil\",\"item\":\"https:\/\/transbaz.fr\/\"},{\"@type\":\"ListItem\",\"position\":2,\"name\":\"CONTACT\"}]},{\"@type\":\"WebSite\",\"@id\":\"https:\/\/transbaz.fr\/#website\",\"url\":\"https:\/\/transbaz.fr\/\",\"name\":\"Transbaz\",\"description\":\"Transports de Travaux P\u00e9troliers Industriels\",\"publisher\":{\"@id\":\"https:\/\/transbaz.fr\/#organization\"},\"potentialAction\":[{\"@type\":\"SearchAction\",\"target\":{\"@type\":\"EntryPoint\",\"urlTemplate\":\"https:\/\/transbaz.fr\/?s={search_term_string}\"},\"query-input\":{\"@type\":\"PropertyValueSpecification\",\"valueRequired\":true,\"valueName\":\"search_term_string\"}}],\"inLanguage\":\"fr-FR\"},{\"@type\":\"Organization\",\"@id\":\"https:\/\/transbaz.fr\/#organization\",\"name\":\"Transbaz\",\"url\":\"https:\/\/transbaz.fr\/\",\"logo\":{\"@type\":\"ImageObject\",\"inLanguage\":\"fr-FR\",\"@id\":\"https:\/\/transbaz.fr\/#\/schema\/logo\/image\/\",\"url\":\"https:\/\/transbaz.fr\/wp-content\/uploads\/2023\/07\/cropped-TRANSBAZ-1.png\",\"contentUrl\":\"https:\/\/transbaz.fr\/wp-content\/uploads\/2023\/07\/cropped-TRANSBAZ-1.png\",\"width\":4831,\"height\":1594,\"caption\":\"Transbaz\"},\"image\":{\"@id\":\"https:\/\/transbaz.fr\/#\/schema\/logo\/image\/\"}}]}<\/script>\n<!-- \/ Yoast SEO plugin. -->","yoast_head_json":{"title":"CONTACT - Transbaz","robots":{"index":"index","follow":"follow","max-snippet":"max-snippet:-1","max-image-preview":"max-image-preview:large","max-video-preview":"max-video-preview:-1"},"canonical":"https:\/\/transbaz.fr\/index.php\/contact\/","og_locale":"fr_FR","og_type":"article","og_title":"CONTACT - Transbaz","og_description":"FORMULAIRE DE CONTACT","og_url":"https:\/\/transbaz.fr\/index.php\/contact\/","og_site_name":"Transbaz","article_modified_time":"2023-09-04T12:55:28+00:00","twitter_card":"summary_large_image","schema":{"@context":"https:\/\/schema.org","@graph":[{"@type":"WebPage","@id":"https:\/\/transbaz.fr\/index.php\/contact\/","url":"https:\/\/transbaz.fr\/index.php\/contact\/","name":"CONTACT - Transbaz","isPartOf":{"@id":"https:\/\/transbaz.fr\/#website"},"datePublished":"2023-07-03T13:47:55+00:00","dateModified":"2023-09-04T12:55:28+00:00","breadcrumb":{"@id":"https:\/\/transbaz.fr\/index.php\/contact\/#breadcrumb"},"inLanguage":"fr-FR","potentialAction":[{"@type":"ReadAction","target":["https:\/\/transbaz.fr\/index.php\/contact\/"]}]},{"@type":"BreadcrumbList","@id":"https:\/\/transbaz.fr\/index.php\/contact\/#breadcrumb","itemListElement":[{"@type":"ListItem","position":1,"name":"Accueil","item":"https:\/\/transbaz.fr\/"},{"@type":"ListItem","position":2,"name":"CONTACT"}]},{"@type":"WebSite","@id":"https:\/\/transbaz.fr\/#website","url":"https:\/\/transbaz.fr\/","name":"Transbaz","description":"Transports de Travaux P\u00e9troliers Industriels","publisher":{"@id":"https:\/\/transbaz.fr\/#organization"},"potentialAction":[{"@type":"SearchAction","target":{"@type":"EntryPoint","urlTemplate":"https:\/\/transbaz.fr\/?s={search_term_string}"},"query-input":{"@type":"PropertyValueSpecification","valueRequired":true,"valueName":"search_term_string"}}],"inLanguage":"fr-FR"},{"@type":"Organization","@id":"https:\/\/transbaz.fr\/#organization","name":"Transbaz","url":"https:\/\/transbaz.fr\/","logo":{"@type":"ImageObject","inLanguage":"fr-FR","@id":"https:\/\/transbaz.fr\/#\/schema\/logo\/image\/","url":"https:\/\/transbaz.fr\/wp-content\/uploads\/2023\/07\/cropped-TRANSBAZ-1.png","contentUrl":"https:\/\/transbaz.fr\/wp-content\/uploads\/2023\/07\/cropped-TRANSBAZ-1.png","width":4831,"height":1594,"caption":"Transbaz"},"image":{"@id":"https:\/\/transbaz.fr\/#\/schema\/logo\/image\/"}}]}},"_links":{"self":[{"href":"https:\/\/transbaz.fr\/index.php\/wp-json\/wp\/v2\/pages\/60","targetHints":{"allow":["GET"]}}],"collection":[{"href":"https:\/\/transbaz.fr\/index.php\/wp-json\/wp\/v2\/pages"}],"about":[{"href":"https:\/\/transbaz.fr\/index.php\/wp-json\/wp\/v2\/types\/page"}],"author":[{"embeddable":true,"href":"https:\/\/transbaz.fr\/index.php\/wp-json\/wp\/v2\/users\/1"}],"replies":[{"embeddable":true,"href":"https:\/\/transbaz.fr\/index.php\/wp-json\/wp\/v2\/comments?post=60"}],"version-history":[{"count":4,"href":"https:\/\/transbaz.fr\/index.php\/wp-json\/wp\/v2\/pages\/60\/revisions"}],"predecessor-version":[{"id":465,"href":"https:\/\/transbaz.fr\/index.php\/wp-json\/wp\/v2\/pages\/60\/revisions\/465"}],"wp:attachment":[{"href":"https:\/\/transbaz.fr\/index.php\/wp-json\/wp\/v2\/media?parent=60"}],"curies":[{"name":"wp","href":"https:\/\/api.w.org\/{rel}","templated":true}]}}